or of x and 21.
21
Let t be (-55404)/(-266) - 6/21. What is the greatest common divisor of 184 and t?
8
Let x = -4353 + 4444. What is the highest common divisor of x and 161?
7
Let w be -1*(2 + 14/2). Let u(z) = -z**3 - 6*z**2 + 20*z + 49. Let v be u(w). What is the highest common divisor of 64 and v?
16
Suppose -4*a - 2*y - 3*y + 109 = 0, 0 = a - y - 34. Let b = 11 + a. Let d be 20 + 1 + -7 - (-8 - -8). What is the greatest common factor of d and b?
14
Suppose 111 = 2*k + 3*o, 0 = -3*k + k - 5*o + 105. Suppose y + 2 = 0, -3*y = 47*l - 46*l - 34. What is the highest common divisor of k and l?
20
Let p(b) = 202*b - 8. Let u be p(2). Let o = -5 - -14. Suppose -4*z - 196 = -5*k, o*k - 4*z = 6*k + 124. Calculate the highest common factor of k and u.
36
Let r be -1 - (8 - (3 + -3)). Let i be 1 + 30 - (-3)/(r/(-6)). Suppose -2*m = 3*h - i, 0*h + h - 11 = 2*m. What is the greatest common divisor of h and 33?
11
Let t = -7309 - -12620. Calculate the greatest common divisor of t and 904.
113
Suppose -30 = p - 0*p. Let c = -20 - p. Suppose 2 - 22 = -c*j. Calculate the greatest common factor of j and 2.
2
Let s(q) = q**3 + 15*q**2 + 8*q - 32. Let d be s(-14). Let x = -4286 - -4351. What is the highest common factor of d and x?
13
Let g = -337 + 358. Let p(q) = -2 - 4 + 3*q**2 - 2 - 4*q**2 + 29*q. Let b be p(g). Calculate the highest common factor of 10 and b.
10
Suppose -2*k - 5*n + 42 = 0, 26 = 5*k - 2*n - 79. Suppose -9*w + k = -69. Let z = w + -7. Calculate the highest common factor of 24 and z.
3
Let g(o) = o**3 - 2*o**2 + 31*o - 192. Let z be g(5). What is the highest common divisor of 950 and z?
38
Suppose -110*k = -109*k - 5*j - 305, 1108 = 4*k - 4*j. What is the highest common factor of 5346 and k?
54
Suppose 490 = 5*r + 4*m - 3*m, 0 = 4*m. Suppose 3*d - r = -n, -5*n - 38 = -17*d + 16*d. Calculate the greatest common divisor of d and 44.
11
Suppose 4*t - 4556 = x, 0 = 5*t - 2*x - 4840 - 858. Suppose -3*a = 2*a + 3*m - t, 2*a - 468 = 2*m. What is the greatest common factor of 30 and a?
10
Let p = -8973 + 10632. Calculate the highest common factor of p and 28.
7
Suppose 3*r + r + 24 = 0. Let b(j) be the first derivative of -j**3/3 - 9*j**2/2 - 12*j - 866. Let o be b(r). What is the highest common divisor of 54 and o?
6
Let g = -79 + 218. Let h = g - -5. Calculate the greatest common factor of h and 9.
9
Suppose 1023 + 484 = 11*o. Calculate the greatest common divisor of o and 2329.
137
Let s = 6544 - 6391. What is the highest common divisor of 459 and s?
153
Let a be (-1)/((-7)/(-7)) - (1 + -4). Suppose -a*l - 3*p + 141 = 0, 2*l + p - 65 = 82. Suppose 90 = 3*r - 0*r. Calculate the greatest common factor of l and r.
15
Let j be (13 - -4) + 3/1. Let y be (-265320)/(-915) - 2/(-61). Calculate the greatest common divisor of y and j.
10
Suppose 116*p - 117*p = -2. Suppose 0 = -u - z + 18, p*u = 4*u - 4*z - 42. What is the greatest common divisor of 76 and u?
19
Let p(t) = -t + 78. Let x be p(0). Suppose 4*s - 893 = b, 2*b - 1087 = 703*s - 708*s. Calculate the highest common factor of s and x.
13
Suppose 5*x - 1015 = -5*r, -260*r + 1020 = -255*r + 4*x. What is the greatest common factor of 80 and r?
16
Let j = -138 - -121. Let z be (-559)/j + 40/340. What is the greatest common divisor of 3 and z?
3
Let w be (-34)/(-221) + (-2 - 5118/(-26)). Let c = -90 + w. Let p(h) = -8*h - 2. Let z be p(-4). Calculate the highest common divisor of c and z.
15
Let y(q) = 3*q**2 - 4*q - 10. Let k be y(-2). Suppose 0 = k*s - 8*s - 14. Suppose -s*j - 48 = -237. What is the greatest common factor of j and 216?
27
Let n(k) = 7*k**2 - k + 1. Let a be n(1). Suppose y + 12 = a*y. Let t be y/(-11) - 5950/(-55). What is the greatest common divisor of t and 27?
27
Let c(l) = -9*l - 18. Suppose -10*x = -14*x - 12. Let r be c(x). Let q be (2 + 45/(-6))*-18. Calculate the highest common divisor of r and q.
9
Suppose 5*t - s - 2*s = 35, -t - 10 = -4*s. Let v be 178/t + (-8 - (-164)/20). Calculate the highest common divisor of v and 738.
18
Let r(z) = z**3 + 20*z**2 - 386*z - 23. Let d be r(-32). What is the highest common divisor of 7339 and d?
41
Suppose 3*k + 4*m = 10, 0 = 5*k - k + 3*m - 11. Suppose 0 = k*c + 3*c + u - 323, -u = -3. Let r = -17 - -33. What is the highest common divisor of c and r?
16
Suppose 144 = x - 2*c, -4*x - c + 576 = c. Suppose 20 = n + 4*t - 4, 5*n - 120 = -4*t. Calculate the greatest common factor of x and n.
24
Suppose -o - 2 = -5*o + 3*x, 5*x - 10 = 0. Let m be (-1)/((-12)/(-16)*o/(-15)). Calculate the highest common divisor of m and 170.
10
Let q be (-3 + 988/(-3))*114/(-1). Let s be 3/2 + q/76. Calculate the highest common divisor of s and 40.
20
Suppose -4*d - l = -74 + 2786, -4*l + 2034 = -3*d. Let w = -651 - d. What is the highest common factor of w and 63?
9
Let r(a) be the first derivative of 5*a**2/2 + 35*a + 30. Let o be 6/(-3*(-1)/(-3)). Let z be r(o). Calculate the highest common divisor of z and 2.
1
Let i(q) = -21*q - 44. Let u be i(-14). Let l be 7 + (-1 + 9 - -135). Calculate the highest common divisor of l and u.
50
Let j be 13/11 + 8/(-44) + 94. Let z(b) = 34*b - 15. Let t be z(1). Calculate the greatest common divisor of j and t.
19
Suppose 0 = n + 2, 4*m = 4*n - 2 + 18. Let f(u) = -6*u + m*u + u + 35 + 2*u. Let d be f(30). What is the highest common divisor of 5 and d?
5
Suppose 0 = 55*d - 59*d - 2*x + 92, 2*d - 26 = 4*x. Calculate the highest common divisor of 24864 and d.
21
Let l = 300 - 298. Suppose 2*w - 48 = 3*q + l*q, 0 = 2*q + 4. What is the greatest common divisor of w and 76?
19
Let s(y) = y - 1. Let z(r) = -58*r + 3. Let w(v) = 2*s(v) + z(v). Let c be w(-1). Let p = -409 + 428. Calculate the highest common factor of c and p.
19
Suppose -2*n = b - 2, -5*n + 7*b + 2 = 8*b. Suppose -d - 4*m + 137 = n, 0 = 3*d - 4*m - 157 - 206. Calculate the greatest common divisor of 175 and d.
25
Let s be 14/8 + (-8091)/(-348). Calculate the highest common divisor of 5975 and s.
25
Let i be (-1*765)/(1/(-2) + 115/(-230)). Calculate the highest common factor of 595 and i.
85
Let n = -5504 + 7840. What is the greatest common factor of n and 8?
8
Let s = -306 + 306. Suppose s = -16*l + 2506 - 602. Let w(b) = 2*b**3 + b**2 - 3*b + 3. Let u be w(2). What is the greatest common factor of u and l?
17
Let j be -2 - (0 - -1)/(1*2/(-86)). Calculate the highest common divisor of 5617 and j.
41
Let a(s) = 166*s**3 - 2*s**2 + s. Let r be a(1). Suppose -76*g - 77 = -3104 - 317. Calculate the highest common divisor of r and g.
11
Let s = -299 + 315. Let u be 564/s - 12/(-32)*2. Calculate the highest common divisor of 336 and u.
12
Suppose -148*p + 1223 + 9576 = 587. What is the greatest common factor of p and 920?
23
Let m(a) = a**2 - 3*a + 5. Let f be m(-5). Suppose 2*y = -4*y + 174. Let x = -24 + y. Calculate the highest common factor of f and x.
5
Let n = 51 - 46. Suppose 0 = 5*s - n*h - 1210, 2*s - 432 = 4*h + 46. Calculate the greatest common divisor of 7 and s.
7
Let a = 3542 - 3494. What is the greatest common factor of a and 624?
48
Let c be (14/(-21))/((-2)/(-3)). Let v be 8*(-4)/(-16) - c. What is the highest common factor of v and 7?
1
Let u(m) = 151*m**2 - 122*m + 585. Let c be u(5). Calculate the greatest common divisor of c and 20.
10
Let o = 72 + -24. Suppose o = -6*l - 2*l. Let k be 29 - (-3)/l*6 - 2. Calculate the highest common divisor of 16 and k.
8
Let g be 600/(-25)*(6/(-3) - -1). Calculate the highest common divisor of g and 912.
24
Let n = 40 - -20. Let r be (-3520)/(-26) - (-2075)/(-5395). Calculate the highest common divisor of n and r.
15
Let c(y) = 135*y - 3951. Let k be c(37). Calculate the highest common divisor of k and 116.
116
Suppose -8*l + 9*l - 2 = -3*g, -2*l + g + 4 = 0. Let k be (-1)/7*-7 + l. Calculate the highest common divisor of 180 and k.
3
Let d = 248 + 92. Let f = 63 + d. What is the highest common divisor of 93 and f?
31
Let d(x) = -x**3 - 7*x**2 + 25*x - 9. Suppose -3*o - p = -o + 18, 0 = 4*p - 16. Let i be d(o). What is the highest common factor of i and 25?
25
Let z = -5 - -10. Suppose -8*n = -3*n + 2*v - 14, -n = 3*v + z. Let r = -1017 + 1021. What is the greatest common factor of n and r?
4
Let r be 13 + 4 + -4 - 2. Suppose -3*s + r*s = 224. Calculate the highest common factor of s and 224.
28
Suppose 0